{"id":7011,"date":"2015-11-15T17:12:51","date_gmt":"2015-11-15T17:12:51","guid":{"rendered":"http:\/\/www.servais-vzw.org\/wp-content\/uploads\/2015\/09\/de_katow.jpg"},"modified":"2015-11-15T17:12:51","modified_gmt":"2015-11-15T17:12:51","slug":"de_katow-2","status":"inherit","type":"attachment","link":"https:\/\/www.servais-vzw.org\/de\/cellist\/belgische-celloschool\/de_katow-2\/","title":{"rendered":"de_katow"},"author":1,"featured_media":0,"comment_status":"closed","ping_status":"closed","template":"","meta":{"om_disable_all_campaigns":false,"rs_blank_template":"","rs_page_bg_color":"","slide_template_v7":"","_uf_show_specific_survey":0,"_uf_disable_surveys":false},"class_list":["post-7011","attachment","type-attachment","status-inherit","hentry","no-post-thumbnail"],"yoast_head":"<!-- This site is optimized with the Yoast SEO plugin v27.2 - https:\/\/yoast.com\/product\/yoast-seo-wordpress\/ -->\n<title>de_katow - Fran\u00e7ois Servais<\/title>\n<meta name=\"robots\" content=\"index, follow, max-snippet:-1, max-image-preview:large, max-video-preview:-1\" \/>\n<link rel=\"canonical\" href=\"http:\/\/www.servais-vzw.org\/wp-content\/uploads\/2015\/09\/de_katow.jpg\" \/>\n<meta property=\"og:locale\" content=\"de_DE\" \/>\n<meta property=\"og:type\" content=\"article\" \/>\n<meta property=\"og:title\" content=\"de_katow - Fran\u00e7ois Servais\" \/>\n<meta property=\"og:description\" content=\"H\u00e9l\u00e8ne De Katow\" \/>\n<meta property=\"og:url\" content=\"http:\/\/www.servais-vzw.org\/wp-content\/uploads\/2015\/09\/de_katow.jpg\" \/>\n<meta property=\"og:site_name\" content=\"Fran\u00e7ois Servais\" \/>\n<meta property=\"og:image\" content=\"http:\/\/www.servais-vzw.org\/wp-content\/uploads\/2015\/09\/de_katow.jpg\" \/>\n\t<meta property=\"og:image:width\" content=\"231\" \/>\n\t<meta property=\"og:image:height\" content=\"392\" \/>\n\t<meta property=\"og:image:type\" content=\"image\/jpeg\" \/>\n<meta name=\"twitter:card\" content=\"summary_large_image\" \/>\n<script type=\"application\/ld+json\" class=\"yoast-schema-graph\">{\"@context\":\"https:\/\/schema.org\",\"@graph\":[{\"@type\":\"WebPage\",\"@id\":\"http:\/\/www.servais-vzw.org\/wp-content\/uploads\/2015\/09\/de_katow.jpg\",\"url\":\"http:\/\/www.servais-vzw.org\/wp-content\/uploads\/2015\/09\/de_katow.jpg\",\"name\":\"de_katow - Fran\u00e7ois Servais\",\"isPartOf\":{\"@id\":\"https:\/\/www.servais-vzw.org\/en\/#website\"},\"datePublished\":\"2015-11-15T17:12:51+00:00\",\"breadcrumb\":{\"@id\":\"http:\/\/www.servais-vzw.org\/wp-content\/uploads\/2015\/09\/de_katow.jpg#breadcrumb\"},\"inLanguage\":\"de\",\"potentialAction\":[{\"@type\":\"ReadAction\",\"target\":[\"http:\/\/www.servais-vzw.org\/wp-content\/uploads\/2015\/09\/de_katow.jpg\"]}]},{\"@type\":\"BreadcrumbList\",\"@id\":\"http:\/\/www.servais-vzw.org\/wp-content\/uploads\/2015\/09\/de_katow.jpg#breadcrumb\",\"itemListElement\":[{\"@type\":\"ListItem\",\"position\":1,\"name\":\"Home\",\"item\":\"https:\/\/www.servais-vzw.org\/de\/\"},{\"@type\":\"ListItem\",\"position\":2,\"name\":\"Cellist\",\"item\":\"https:\/\/www.servais-vzw.org\/de\/cellist\/\"},{\"@type\":\"ListItem\",\"position\":3,\"name\":\"Belgische Celloschule\",\"item\":\"https:\/\/www.servais-vzw.org\/de\/cellist\/belgische-celloschool\/\"},{\"@type\":\"ListItem\",\"position\":4,\"name\":\"de_katow\"}]},{\"@type\":\"WebSite\",\"@id\":\"https:\/\/www.servais-vzw.org\/en\/#website\",\"url\":\"https:\/\/www.servais-vzw.org\/en\/\",\"name\":\"Fran\u00e7ois Servais\",\"description\":\"\",\"potentialAction\":[{\"@type\":\"SearchAction\",\"target\":{\"@type\":\"EntryPoint\",\"urlTemplate\":\"https:\/\/www.servais-vzw.org\/en\/?s={search_term_string}\"},\"query-input\":{\"@type\":\"PropertyValueSpecification\",\"valueRequired\":true,\"valueName\":\"search_term_string\"}}],\"inLanguage\":\"de\"}]}<\/script>\n<!-- \/ Yoast SEO plugin. -->","yoast_head_json":{"title":"de_katow - Fran\u00e7ois Servais","robots":{"index":"index","follow":"follow","max-snippet":"max-snippet:-1","max-image-preview":"max-image-preview:large","max-video-preview":"max-video-preview:-1"},"canonical":"http:\/\/www.servais-vzw.org\/wp-content\/uploads\/2015\/09\/de_katow.jpg","og_locale":"de_DE","og_type":"article","og_title":"de_katow - Fran\u00e7ois Servais","og_description":"H\u00e9l\u00e8ne De Katow","og_url":"http:\/\/www.servais-vzw.org\/wp-content\/uploads\/2015\/09\/de_katow.jpg","og_site_name":"Fran\u00e7ois Servais","og_image":[{"width":231,"height":392,"url":"http:\/\/www.servais-vzw.org\/wp-content\/uploads\/2015\/09\/de_katow.jpg","type":"image\/jpeg"}],"twitter_card":"summary_large_image","schema":{"@context":"https:\/\/schema.org","@graph":[{"@type":"WebPage","@id":"http:\/\/www.servais-vzw.org\/wp-content\/uploads\/2015\/09\/de_katow.jpg","url":"http:\/\/www.servais-vzw.org\/wp-content\/uploads\/2015\/09\/de_katow.jpg","name":"de_katow - Fran\u00e7ois Servais","isPartOf":{"@id":"https:\/\/www.servais-vzw.org\/en\/#website"},"datePublished":"2015-11-15T17:12:51+00:00","breadcrumb":{"@id":"http:\/\/www.servais-vzw.org\/wp-content\/uploads\/2015\/09\/de_katow.jpg#breadcrumb"},"inLanguage":"de","potentialAction":[{"@type":"ReadAction","target":["http:\/\/www.servais-vzw.org\/wp-content\/uploads\/2015\/09\/de_katow.jpg"]}]},{"@type":"BreadcrumbList","@id":"http:\/\/www.servais-vzw.org\/wp-content\/uploads\/2015\/09\/de_katow.jpg#breadcrumb","itemListElement":[{"@type":"ListItem","position":1,"name":"Home","item":"https:\/\/www.servais-vzw.org\/de\/"},{"@type":"ListItem","position":2,"name":"Cellist","item":"https:\/\/www.servais-vzw.org\/de\/cellist\/"},{"@type":"ListItem","position":3,"name":"Belgische Celloschule","item":"https:\/\/www.servais-vzw.org\/de\/cellist\/belgische-celloschool\/"},{"@type":"ListItem","position":4,"name":"de_katow"}]},{"@type":"WebSite","@id":"https:\/\/www.servais-vzw.org\/en\/#website","url":"https:\/\/www.servais-vzw.org\/en\/","name":"Fran\u00e7ois Servais","description":"","potentialAction":[{"@type":"SearchAction","target":{"@type":"EntryPoint","urlTemplate":"https:\/\/www.servais-vzw.org\/en\/?s={search_term_string}"},"query-input":{"@type":"PropertyValueSpecification","valueRequired":true,"valueName":"search_term_string"}}],"inLanguage":"de"}]}},"description":{"rendered":"<p class=\"attachment\"><a href='https:\/\/www.servais-vzw.org\/wp-content\/uploads\/2015\/09\/de_katow.jpg'><img loading=\"lazy\" decoding=\"async\" width=\"177\" height=\"300\" src=\"https:\/\/www.servais-vzw.org\/wp-content\/uploads\/2015\/09\/de_katow-177x300.jpg\" class=\"attachment-medium size-medium\" alt=\"\" srcset=\"https:\/\/www.servais-vzw.org\/wp-content\/uploads\/2015\/09\/de_katow-177x300.jpg 177w, https:\/\/www.servais-vzw.org\/wp-content\/uploads\/2015\/09\/de_katow-100x170.jpg 100w, https:\/\/www.servais-vzw.org\/wp-content\/uploads\/2015\/09\/de_katow.jpg 231w\" sizes=\"auto, (max-width: 177px) 100vw, 177px\" \/><\/a><\/p>\n"},"caption":{"rendered":"<p>H\u00e9l\u00e8ne De Katow<\/p>\n"},"alt_text":"","media_type":"image","mime_type":"image\/jpeg","media_details":{"width":231,"height":392,"file":"2015\/09\/de_katow.jpg","sizes":{"thumbnail":{"file":"de_katow-150x150.jpg","width":150,"height":150,"mime_type":"image\/jpeg","source_url":"https:\/\/www.servais-vzw.org\/wp-content\/uploads\/2015\/09\/de_katow-150x150.jpg"},"medium":{"file":"de_katow-177x300.jpg","width":177,"height":300,"mime_type":"image\/jpeg","source_url":"https:\/\/www.servais-vzw.org\/wp-content\/uploads\/2015\/09\/de_katow-177x300.jpg"},"post-thumbnail":{"file":"de_katow-100x170.jpg","width":100,"height":170,"mime_type":"image\/jpeg","source_url":"https:\/\/www.servais-vzw.org\/wp-content\/uploads\/2015\/09\/de_katow-100x170.jpg"},"full":{"file":"de_katow.jpg","width":231,"height":392,"mime_type":"image\/jpeg","source_url":"https:\/\/www.servais-vzw.org\/wp-content\/uploads\/2015\/09\/de_katow.jpg"}},"image_meta":{"aperture":0,"credit":"","camera":"","caption":"","created_timestamp":0,"copyright":"","focal_length":0,"iso":0,"shutter_speed":0,"title":"","orientation":0}},"post":2014,"source_url":"https:\/\/www.servais-vzw.org\/wp-content\/uploads\/2015\/09\/de_katow.jpg","_links":{"self":[{"href":"https:\/\/www.servais-vzw.org\/de\/wp-json\/wp\/v2\/media\/7011","targetHints":{"allow":["GET"]}}],"collection":[{"href":"https:\/\/www.servais-vzw.org\/de\/wp-json\/wp\/v2\/media"}],"about":[{"href":"https:\/\/www.servais-vzw.org\/de\/wp-json\/wp\/v2\/types\/attachment"}],"author":[{"embeddable":true,"href":"https:\/\/www.servais-vzw.org\/de\/wp-json\/wp\/v2\/users\/1"}],"replies":[{"embeddable":true,"href":"https:\/\/www.servais-vzw.org\/de\/wp-json\/wp\/v2\/comments?post=7011"}],"wp:attached-to":[{"embeddable":true,"post_type":"page","id":2014,"href":"https:\/\/www.servais-vzw.org\/de\/wp-json\/wp\/v2\/pages\/2014"}],"curies":[{"name":"wp","href":"https:\/\/api.w.org\/{rel}","templated":true}]}}

<!-- This site is optimized with the Yoast SEO plugin v27.2 - https://yoast.com/product/yoast-seo-wordpress/ -->
<title>de_katow - François Servais</title>
<meta name="robots" content="index, follow, max-snippet:-1, max-image-preview:large, max-video-preview:-1" />
<link rel="canonical" href="http://www.servais-vzw.org/wp-content/uploads/2015/09/de_katow.jpg" />
<meta property="og:locale" content="de_DE" />
<meta property="og:type" content="article" />
<meta property="og:title" content="de_katow - François Servais" />
<meta property="og:description" content="Hélène De Katow" />
<meta property="og:url" content="http://www.servais-vzw.org/wp-content/uploads/2015/09/de_katow.jpg" />
<meta property="og:site_name" content="François Servais" />
<meta property="og:image" content="http://www.servais-vzw.org/wp-content/uploads/2015/09/de_katow.jpg" />
	<meta property="og:image:width" content="231" />
	<meta property="og:image:height" content="392" />
	<meta property="og:image:type" content="image/jpeg" />
<meta name="twitter:card" content="summary_large_image" />
<script type="application/ld+json" class="yoast-schema-graph">{"@context":"https://schema.org","@graph":[{"@type":"WebPage","@id":"http://www.servais-vzw.org/wp-content/uploads/2015/09/de_katow.jpg","url":"http://www.servais-vzw.org/wp-content/uploads/2015/09/de_katow.jpg","name":"de_katow - François Servais","isPartOf":{"@id":"https://www.servais-vzw.org/en/#website"},"datePublished":"2015-11-15T17:12:51+00:00","breadcrumb":{"@id":"http://www.servais-vzw.org/wp-content/uploads/2015/09/de_katow.jpg#breadcrumb"},"inLanguage":"de","potentialAction":[{"@type":"ReadAction","target":["http://www.servais-vzw.org/wp-content/uploads/2015/09/de_katow.jpg"]}]},{"@type":"BreadcrumbList","@id":"http://www.servais-vzw.org/wp-content/uploads/2015/09/de_katow.jpg#breadcrumb","itemListElement":[{"@type":"ListItem","position":1,"name":"Home","item":"https://www.servais-vzw.org/de/"},{"@type":"ListItem","position":2,"name":"Cellist","item":"https://www.servais-vzw.org/de/cellist/"},{"@type":"ListItem","position":3,"name":"Belgische Celloschule","item":"https://www.servais-vzw.org/de/cellist/belgische-celloschool/"},{"@type":"ListItem","position":4,"name":"de_katow"}]},{"@type":"WebSite","@id":"https://www.servais-vzw.org/en/#website","url":"https://www.servais-vzw.org/en/","name":"François Servais","description":"","potentialAction":[{"@type":"SearchAction","target":{"@type":"EntryPoint","urlTemplate":"https://www.servais-vzw.org/en/?s={search_term_string}"},"query-input":{"@type":"PropertyValueSpecification","valueRequired":true,"valueName":"search_term_string"}}],"inLanguage":"de"}]}</script>
<!-- / Yoast SEO plugin. -->

de_katow - François Servais

Hélène De Katow

François Servais

<p>Hélène De Katow</p>
