{"id":1861,"date":"2016-08-31T16:36:01","date_gmt":"2016-08-31T16:36:01","guid":{"rendered":"http:\/\/www.servais-vzw.org\/?page_id=1861"},"modified":"2016-09-03T11:37:11","modified_gmt":"2016-09-03T11:37:11","slug":"cellist-composer","status":"publish","type":"page","link":"https:\/\/www.servais-vzw.org\/en\/cellist\/cellist-composer\/","title":{"rendered":"Cellist-composer"},"content":{"rendered":"<div class=\"wpb-content-wrapper\">[vc_row padding_top=&#8221;0px&#8221; padding_bottom=&#8221;0px&#8221;][vc_column fade_animation_offset=&#8221;45px&#8221; width=&#8221;1\/4&#8243;]<img decoding=\"async\"  class=\"x-img\"  src=\"https:\/\/www.servais-vzw.org\/wp-content\/uploads\/2015\/09\/B32871.jpg\" ><img decoding=\"async\"  class=\"x-img\"  src=\"https:\/\/www.servais-vzw.org\/wp-content\/uploads\/2015\/09\/litho_baugniet_11.jpg\" >[\/vc_column][vc_column fade_animation_offset=&#8221;45px&#8221; width=&#8221;3\/4&#8243;]<div>\n<p>To a large extent, the huge number of compositions by Servais gives testimony to the state of cello technique at the beginning of his career.<\/p>\n<p>Till the end of the eighteenth and the beginning of the nineteenth century the cello was mostly used as basso continuo. Nevertheless, great baroque composers like Bach, Vivaldi and Telemann used it as a solo instrument.<\/p>\n<p>Later on, cellists like Luigi Boccherini (1743-1805) and Jean-Louis Duport (1749-1819) drew even more attention to the potential of the cello.<\/p>\n<p>The technical innovations in the first half of the nineteenth century considerably extended the touch range of the cello and made playing the instrument much easier. Many cellists experimented with these innovations and soon arrived at finger arrangements that would have been unthinkable some decades earlier.<\/p>\n<p>It was only with new compositions that the new style of cellists could show their virtuosity. That is why the cello virtuosos of that time often, if not exclusively, wrote to fill their own needs. The concept of cellist-composer is frequently used as a generic term for these innovating cellists who composed out of necessity. Obviously, in the course of the nineteenth century the cello repertoire was topped up by compositions by non-cellists, whether or not they implemented the technical development of the instrument.<\/p>\n<p>Who were the leading cellist-composers in Servais\u2019 times? In the many circulating lists we invariably note the names of Bernhard Romberg (1767-1841), Friedrich Dotzauer (1783-1860), Friedrich Kummer (1797-1879), Fran\u00e7ois Servais (1807-1866) and Auguste Franchomme (1808-1884), completed in the second half of the century by Alfredo Piatti (1822-1901), Georg Eduard Goltermann (1824-1879), Friedrich Gr\u00fctzmacher (1832-1903), Karl Davidov (1838-1889) and David Popper (1843-1913).<\/p>\n<p>Because of their valuable contribution to the development of cello technique and to the \u2018emancipation\u2019 of the cello as a fully-fledged solo instrument, these ten cellist-composers count as the main cellists of the nineteenth century.<\/p>\n<\/div>\n<p>Servais holds his own in these top ten. Some specialists even go further, such as the Russian professor Ginsburg when he stated:\u00a0<em>\u201cThe two leading figures of the 19th century were Bernard Romberg and Fran\u00e7ois Servais\u201d<\/em>.<\/p>\n<p>The\u00a0<em>cellist-composers<\/em>\u00a0also conformed to the taste of the public. People liked operas, so they brought the best-known opera melodies to salons and concert halls. They usually made the arrangements themselves. In this way, violinists like Niccol\u00f3 Paganini and Henry Vieuxtemps, and pianists like Franz Liszt and Fr\u00e9d\u00e9ric Chopin did not differ from the cello virtuosi. In addition, their oeuvre contained lots of fantasies, capriccios and concerti.<\/p>\n<hr class=\"clear\" \/>\n[\/vc_column][\/vc_row]\n<\/div>","protected":false},"excerpt":{"rendered":"<p>[vc_row padding_top=&#8221;0px&#8221; padding_bottom=&#8221;0px&#8221;][vc_column fade_animation_offset=&#8221;45px&#8221; width=&#8221;1\/4&#8243;][\/vc_column][vc_column fade_animation_offset=&#8221;45px&#8221; width=&#8221;3\/4&#8243;][\/vc_column][\/vc_row]<\/p>\n","protected":false},"author":1,"featured_media":0,"parent":1851,"menu_order":0,"comment_status":"closed","ping_status":"closed","template":"template-layout-full-width.php","meta":{"om_disable_all_campaigns":false,"rs_blank_template":"","rs_page_bg_color":"","slide_template_v7":"","_uf_show_specific_survey":0,"_uf_disable_surveys":false,"footnotes":""},"class_list":["post-1861","page","type-page","status-publish","hentry","no-post-thumbnail"],"yoast_head":"<!-- This site is optimized with the Yoast SEO plugin v27.2 - https:\/\/yoast.com\/product\/yoast-seo-wordpress\/ -->\n<title>Cellist-composer - Fran\u00e7ois Servais<\/title>\n<meta name=\"robots\" content=\"index, follow, max-snippet:-1, max-image-preview:large, max-video-preview:-1\" \/>\n<link rel=\"canonical\" href=\"https:\/\/www.servais-vzw.org\/en\/cellist\/cellist-composer\/\" \/>\n<meta property=\"og:locale\" content=\"en_US\" \/>\n<meta property=\"og:type\" content=\"article\" \/>\n<meta property=\"og:title\" content=\"Cellist-composer - Fran\u00e7ois Servais\" \/>\n<meta property=\"og:description\" content=\"[vc_row padding_top=&#8221;0px&#8221; padding_bottom=&#8221;0px&#8221;][vc_column fade_animation_offset=&#8221;45px&#8221; width=&#8221;1\/4&#8243;][\/vc_column][vc_column fade_animation_offset=&#8221;45px&#8221; width=&#8221;3\/4&#8243;][\/vc_column][\/vc_row]\" \/>\n<meta property=\"og:url\" content=\"https:\/\/www.servais-vzw.org\/en\/cellist\/cellist-composer\/\" \/>\n<meta property=\"og:site_name\" content=\"Fran\u00e7ois Servais\" \/>\n<meta property=\"article:modified_time\" content=\"2016-09-03T11:37:11+00:00\" \/>\n<meta name=\"twitter:card\" content=\"summary_large_image\" \/>\n<meta name=\"twitter:label1\" content=\"Est. reading time\" \/>\n\t<meta name=\"twitter:data1\" content=\"2 minutes\" \/>\n<script type=\"application\/ld+json\" class=\"yoast-schema-graph\">{\"@context\":\"https:\/\/schema.org\",\"@graph\":[{\"@type\":\"WebPage\",\"@id\":\"https:\/\/www.servais-vzw.org\/en\/cellist\/cellist-composer\/\",\"url\":\"https:\/\/www.servais-vzw.org\/en\/cellist\/cellist-composer\/\",\"name\":\"Cellist-composer - Fran\u00e7ois Servais\",\"isPartOf\":{\"@id\":\"https:\/\/www.servais-vzw.org\/en\/#website\"},\"datePublished\":\"2016-08-31T16:36:01+00:00\",\"dateModified\":\"2016-09-03T11:37:11+00:00\",\"breadcrumb\":{\"@id\":\"https:\/\/www.servais-vzw.org\/en\/cellist\/cellist-composer\/#breadcrumb\"},\"inLanguage\":\"en-US\",\"potentialAction\":[{\"@type\":\"ReadAction\",\"target\":[\"https:\/\/www.servais-vzw.org\/en\/cellist\/cellist-composer\/\"]}]},{\"@type\":\"BreadcrumbList\",\"@id\":\"https:\/\/www.servais-vzw.org\/en\/cellist\/cellist-composer\/#breadcrumb\",\"itemListElement\":[{\"@type\":\"ListItem\",\"position\":1,\"name\":\"Home\",\"item\":\"https:\/\/www.servais-vzw.org\/en\/\"},{\"@type\":\"ListItem\",\"position\":2,\"name\":\"Cellist\",\"item\":\"https:\/\/www.servais-vzw.org\/en\/cellist\/\"},{\"@type\":\"ListItem\",\"position\":3,\"name\":\"Cellist-composer\"}]},{\"@type\":\"WebSite\",\"@id\":\"https:\/\/www.servais-vzw.org\/en\/#website\",\"url\":\"https:\/\/www.servais-vzw.org\/en\/\",\"name\":\"Fran\u00e7ois Servais\",\"description\":\"\",\"potentialAction\":[{\"@type\":\"SearchAction\",\"target\":{\"@type\":\"EntryPoint\",\"urlTemplate\":\"https:\/\/www.servais-vzw.org\/en\/?s={search_term_string}\"},\"query-input\":{\"@type\":\"PropertyValueSpecification\",\"valueRequired\":true,\"valueName\":\"search_term_string\"}}],\"inLanguage\":\"en-US\"}]}<\/script>\n<!-- \/ Yoast SEO plugin. -->","yoast_head_json":{"title":"Cellist-composer - Fran\u00e7ois Servais","robots":{"index":"index","follow":"follow","max-snippet":"max-snippet:-1","max-image-preview":"max-image-preview:large","max-video-preview":"max-video-preview:-1"},"canonical":"https:\/\/www.servais-vzw.org\/en\/cellist\/cellist-composer\/","og_locale":"en_US","og_type":"article","og_title":"Cellist-composer - Fran\u00e7ois Servais","og_description":"[vc_row padding_top=&#8221;0px&#8221; padding_bottom=&#8221;0px&#8221;][vc_column fade_animation_offset=&#8221;45px&#8221; width=&#8221;1\/4&#8243;][\/vc_column][vc_column fade_animation_offset=&#8221;45px&#8221; width=&#8221;3\/4&#8243;][\/vc_column][\/vc_row]","og_url":"https:\/\/www.servais-vzw.org\/en\/cellist\/cellist-composer\/","og_site_name":"Fran\u00e7ois Servais","article_modified_time":"2016-09-03T11:37:11+00:00","twitter_card":"summary_large_image","twitter_misc":{"Est. reading time":"2 minutes"},"schema":{"@context":"https:\/\/schema.org","@graph":[{"@type":"WebPage","@id":"https:\/\/www.servais-vzw.org\/en\/cellist\/cellist-composer\/","url":"https:\/\/www.servais-vzw.org\/en\/cellist\/cellist-composer\/","name":"Cellist-composer - Fran\u00e7ois Servais","isPartOf":{"@id":"https:\/\/www.servais-vzw.org\/en\/#website"},"datePublished":"2016-08-31T16:36:01+00:00","dateModified":"2016-09-03T11:37:11+00:00","breadcrumb":{"@id":"https:\/\/www.servais-vzw.org\/en\/cellist\/cellist-composer\/#breadcrumb"},"inLanguage":"en-US","potentialAction":[{"@type":"ReadAction","target":["https:\/\/www.servais-vzw.org\/en\/cellist\/cellist-composer\/"]}]},{"@type":"BreadcrumbList","@id":"https:\/\/www.servais-vzw.org\/en\/cellist\/cellist-composer\/#breadcrumb","itemListElement":[{"@type":"ListItem","position":1,"name":"Home","item":"https:\/\/www.servais-vzw.org\/en\/"},{"@type":"ListItem","position":2,"name":"Cellist","item":"https:\/\/www.servais-vzw.org\/en\/cellist\/"},{"@type":"ListItem","position":3,"name":"Cellist-composer"}]},{"@type":"WebSite","@id":"https:\/\/www.servais-vzw.org\/en\/#website","url":"https:\/\/www.servais-vzw.org\/en\/","name":"Fran\u00e7ois Servais","description":"","potentialAction":[{"@type":"SearchAction","target":{"@type":"EntryPoint","urlTemplate":"https:\/\/www.servais-vzw.org\/en\/?s={search_term_string}"},"query-input":{"@type":"PropertyValueSpecification","valueRequired":true,"valueName":"search_term_string"}}],"inLanguage":"en-US"}]}},"_links":{"self":[{"href":"https:\/\/www.servais-vzw.org\/en\/wp-json\/wp\/v2\/pages\/1861","targetHints":{"allow":["GET"]}}],"collection":[{"href":"https:\/\/www.servais-vzw.org\/en\/wp-json\/wp\/v2\/pages"}],"about":[{"href":"https:\/\/www.servais-vzw.org\/en\/wp-json\/wp\/v2\/types\/page"}],"author":[{"embeddable":true,"href":"https:\/\/www.servais-vzw.org\/en\/wp-json\/wp\/v2\/users\/1"}],"replies":[{"embeddable":true,"href":"https:\/\/www.servais-vzw.org\/en\/wp-json\/wp\/v2\/comments?post=1861"}],"version-history":[{"count":3,"href":"https:\/\/www.servais-vzw.org\/en\/wp-json\/wp\/v2\/pages\/1861\/revisions"}],"predecessor-version":[{"id":2358,"href":"https:\/\/www.servais-vzw.org\/en\/wp-json\/wp\/v2\/pages\/1861\/revisions\/2358"}],"up":[{"embeddable":true,"href":"https:\/\/www.servais-vzw.org\/en\/wp-json\/wp\/v2\/pages\/1851"}],"wp:attachment":[{"href":"https:\/\/www.servais-vzw.org\/en\/wp-json\/wp\/v2\/media?parent=1861"}],"curies":[{"name":"wp","href":"https:\/\/api.w.org\/{rel}","templated":true}]}}

<div class="wpb-content-wrapper">[vc_row padding_top=&#8221;0px&#8221; padding_bottom=&#8221;0px&#8221;][vc_column fade_animation_offset=&#8221;45px&#8221; width=&#8221;1/4&#8243;]<img decoding="async"  class="x-img"  src="https://www.servais-vzw.org/wp-content/uploads/2015/09/B32871.jpg" ><img decoding="async"  class="x-img"  src="https://www.servais-vzw.org/wp-content/uploads/2015/09/litho_baugniet_11.jpg" >[/vc_column][vc_column fade_animation_offset=&#8221;45px&#8221; width=&#8221;3/4&#8243;]<div>
<p>To a large extent, the huge number of compositions by Servais gives testimony to the state of cello technique at the beginning of his career.</p>
<p>Till the end of the eighteenth and the beginning of the nineteenth century the cello was mostly used as basso continuo. Nevertheless, great baroque composers like Bach, Vivaldi and Telemann used it as a solo instrument.</p>
<p>Later on, cellists like Luigi Boccherini (1743-1805) and Jean-Louis Duport (1749-1819) drew even more attention to the potential of the cello.</p>
<p>The technical innovations in the first half of the nineteenth century considerably extended the touch range of the cello and made playing the instrument much easier. Many cellists experimented with these innovations and soon arrived at finger arrangements that would have been unthinkable some decades earlier.</p>
<p>It was only with new compositions that the new style of cellists could show their virtuosity. That is why the cello virtuosos of that time often, if not exclusively, wrote to fill their own needs. The concept of cellist-composer is frequently used as a generic term for these innovating cellists who composed out of necessity. Obviously, in the course of the nineteenth century the cello repertoire was topped up by compositions by non-cellists, whether or not they implemented the technical development of the instrument.</p>
<p>Who were the leading cellist-composers in Servais’ times? In the many circulating lists we invariably note the names of Bernhard Romberg (1767-1841), Friedrich Dotzauer (1783-1860), Friedrich Kummer (1797-1879), François Servais (1807-1866) and Auguste Franchomme (1808-1884), completed in the second half of the century by Alfredo Piatti (1822-1901), Georg Eduard Goltermann (1824-1879), Friedrich Grützmacher (1832-1903), Karl Davidov (1838-1889) and David Popper (1843-1913).</p>
<p>Because of their valuable contribution to the development of cello technique and to the ‘emancipation’ of the cello as a fully-fledged solo instrument, these ten cellist-composers count as the main cellists of the nineteenth century.</p>
</div>
<p>Servais holds his own in these top ten. Some specialists even go further, such as the Russian professor Ginsburg when he stated: <em>“The two leading figures of the 19th century were Bernard Romberg and François Servais”</em>.</p>
<p>The <em>cellist-composers</em> also conformed to the taste of the public. People liked operas, so they brought the best-known opera melodies to salons and concert halls. They usually made the arrangements themselves. In this way, violinists like Niccoló Paganini and Henry Vieuxtemps, and pianists like Franz Liszt and Frédéric Chopin did not differ from the cello virtuosi. In addition, their oeuvre contained lots of fantasies, capriccios and concerti.</p>
<hr class="clear" />
[/vc_column][/vc_row]
</div>

<!-- This site is optimized with the Yoast SEO plugin v27.2 - https://yoast.com/product/yoast-seo-wordpress/ -->
<title>Cellist-composer - François Servais</title>
<meta name="robots" content="index, follow, max-snippet:-1, max-image-preview:large, max-video-preview:-1" />
<link rel="canonical" href="https://www.servais-vzw.org/en/cellist/cellist-composer/" />
<meta property="og:locale" content="en_US" />
<meta property="og:type" content="article" />
<meta property="og:title" content="Cellist-composer - François Servais" />
<meta property="og:description" content="[vc_row padding_top=&#8221;0px&#8221; padding_bottom=&#8221;0px&#8221;][vc_column fade_animation_offset=&#8221;45px&#8221; width=&#8221;1/4&#8243;][/vc_column][vc_column fade_animation_offset=&#8221;45px&#8221; width=&#8221;3/4&#8243;][/vc_column][/vc_row]" />
<meta property="og:url" content="https://www.servais-vzw.org/en/cellist/cellist-composer/" />
<meta property="og:site_name" content="François Servais" />
<meta property="article:modified_time" content="2016-09-03T11:37:11+00:00" />
<meta name="twitter:card" content="summary_large_image" />
<meta name="twitter:label1" content="Est. reading time" />
	<meta name="twitter:data1" content="2 minutes" />
<script type="application/ld+json" class="yoast-schema-graph">{"@context":"https://schema.org","@graph":[{"@type":"WebPage","@id":"https://www.servais-vzw.org/en/cellist/cellist-composer/","url":"https://www.servais-vzw.org/en/cellist/cellist-composer/","name":"Cellist-composer - François Servais","isPartOf":{"@id":"https://www.servais-vzw.org/en/#website"},"datePublished":"2016-08-31T16:36:01+00:00","dateModified":"2016-09-03T11:37:11+00:00","breadcrumb":{"@id":"https://www.servais-vzw.org/en/cellist/cellist-composer/#breadcrumb"},"inLanguage":"en-US","potentialAction":[{"@type":"ReadAction","target":["https://www.servais-vzw.org/en/cellist/cellist-composer/"]}]},{"@type":"BreadcrumbList","@id":"https://www.servais-vzw.org/en/cellist/cellist-composer/#breadcrumb","itemListElement":[{"@type":"ListItem","position":1,"name":"Home","item":"https://www.servais-vzw.org/en/"},{"@type":"ListItem","position":2,"name":"Cellist","item":"https://www.servais-vzw.org/en/cellist/"},{"@type":"ListItem","position":3,"name":"Cellist-composer"}]},{"@type":"WebSite","@id":"https://www.servais-vzw.org/en/#website","url":"https://www.servais-vzw.org/en/","name":"François Servais","description":"","potentialAction":[{"@type":"SearchAction","target":{"@type":"EntryPoint","urlTemplate":"https://www.servais-vzw.org/en/?s={search_term_string}"},"query-input":{"@type":"PropertyValueSpecification","valueRequired":true,"valueName":"search_term_string"}}],"inLanguage":"en-US"}]}</script>
<!-- / Yoast SEO plugin. -->

Cellist-composer - François Servais

François Servais
